)). What is y(h)?
3
Let f(a) = -22 + 0*a - a**2 + 9 + a + 18 - 68. Calculate f(0).
-63
Let c(h) = -12*h. Suppose 17*g = 12*g - 20. Let a be ((4 + -4)/g)/1. Suppose a = 4*l - 2*r + 4*r + 12, 0 = -r - 4. Calculate c(l).
12
Let o = -20 + 22. Let r = -10 + 15. Let p(v) = -r*v**2 + 2*v**2 + 2*v**2 + o. Calculate p(3).
-7
Let r(p) = -3 - 227*p + 448*p - 222*p. Calculate r(-5).
2
Let d(l) = l**2 + l - 13. Let t(z) = -z**2 - 2*z + 12. Let x(p) = -5*d(p) - 6*t(p). Calculate x(-9).
11
Let h(c) = c**3 - 6*c**2 - 7*c - 7. Suppose -4*g + 4*f + 44 - 4 = 0, -3*g = 5*f + 2. Suppose -g*s - 63 = -15*s. Calculate h(s).
-7
Let s(k) = -1. Let i(w) = -3*w - 3. Let d(n) = i(n) - s(n). Give d(1).
-5
Let i(t) be the third derivative of t**6/120 - t**5/6 - t**4/2 + 13*t**3/6 + 5*t**2. Let q be i(11). Let o(n) = q - 1 + 1 + 28*n - 29*n. What is o(5)?
-3
Suppose -3*t = -5*a + 30, t = 4*a - 0*t - 17. Let n(g) = 6 - 7 - 5*g**3 + g**a + 5*g**3 + g**2. What is n(-2)?
-5
Let s be (-3)/(5/2 - 1). Let v(j) be the first derivative of -j**4/4 - 4*j**3/3 - j**2/2 + j + 515. What is v(s)?
-5
Let q(s) = 0*s + 7 + 4*s - 15 - 3*s. Give q(6).
-2
Let g = 2 - -1. Suppose g = -2*x - 1. Let y(p) = -2*p - 11. Let z(s) = 3*s + 16. Let o(b) = -7*y(b) - 5*z(b). What is o(x)?
-1
Let y(o) be the third derivative of -o**6/120 + 11*o**5/60 - o**4/2 + 10*o**3/3 - 568*o**2. Give y(10).
0
Let m(k) = 2*k**3 - 15*k**2 + 11*k - 2. Let b(t) = t**3 - 7*t**2 + 5*t - 1. Let h(u) = -5*b(u) + 2*m(u). Give h(5).
-14
Let g(s) = -s - 6. Suppose 405 = -15*j + 255. Give g(j).
4
Let c(m) = m**3 + 9*m**2 - 5. Suppose -2*j - 135 = 3*j. Let o be j*(40/12 + -3). What is c(o)?
-5
Let y = -32 + 34. Let j(x) = -2*x + 3*x**2 + 8*x - x**y + 1 - 4*x. What is j(-1)?
1
Let j(o) = o**3 - 5*o**2 - 2*o - 2. Suppose 5*t + 25 = -4*g + 8*g, 5*g - 5*t = 30. Calculate j(g).
-12
Let c(v) be the second derivative of v**4/24 + 3*v**2/2 - 10*v. Let s(l) be the first derivative of c(l). Determine s(-3).
-3
Suppose 5*n = -0*n + 5. Let z = 5 - n. Suppose -1 - 1 = z*g + 3*p, 5*g = 2*p + 9. Let l(x) = 10*x**2 - x. Give l(g).
9
Let w(q) = q**3 + q**2 - 3*q - 5. Let b(r) = -r**3 + 2*r + 5. Let j(f) = -6*b(f) - 5*w(f). What is j(4)?
-9
Let l(i) = -11*i - 1. Let q(m) = 4*m. Let a(b) = l(b) + 3*q(b). Let u(f) = 3*f**2 + 1. Let j be u(-1). Calculate a(j).
3
Let o be 4 + (-2)/(-6)*-6. Let g(r) = 14*r**2 - 4*r + 2. Calculate g(o).
50
Let i(f) = 13 + f + 5*f + 2*f - 4*f. Let w be i(-4). Let a(b) = -b**3 - 2*b**2 + 3*b - 4. Determine a(w).
-4
Suppose -y + 6*y = 0. Let r = -26 - -28. Let s(l) = r + l + 4 + 0. Determine s(y).
6
Let g(o) = 13*o + 5. Let r(d) = -4*d - 3 - 3*d + 0*d. Let i(h) = -6*g(h) - 11*r(h). Let m = 3517 + -3511. Give i(m).
-3
Suppose -2*z + 7*z + 15 = 0. Let j be z - 0/(-5) - -2. Let f(q) = 9*q. Calculate f(j).
-9
Let s(a) = 3*a - 3. Let w be s(2). Suppose 5*q - w*v = 25, 3*q - q = -2*v + 26. Let g be (-7 + q)/(1/(-6)). Let j(b) = -3*b - 6. Give j(g).
12
Let u(w) be the third derivative of 0*w**3 + 1/30*w**5 - 1/12*w**4 + 0 - 1/120*w**6 - 10*w**2 + 0*w. What is u(3)?
-15
Let v(d) be the third derivative of 0 - 3/40*d**6 + 0*d + 1/6*d**3 + d**2 + 0*d**5 + 0*d**4. Let a(t) = 6*t + 67. Let z be a(-11). Determine v(z).
-8
Let d be (2/6)/(3/54). Suppose d*g - 10 = g. Suppose t - m = 3 + g, 2*t = 3*m + 11. Let o(a) = -a**3 + 4*a**2 + 2*a - 4. What is o(t)?
4
Let t(i) be the third derivative of -i**6/120 - i**5/6 + i**4/24 + i**3 + 118*i**2. Determine t(-10).
-4
Let k(f) = -4*f**2 + 11*f + 12. Let g(q) be the third derivative of q**5/60 - q**4/24 - q**3/6 - 28*q**2. Let d(w) = -5*g(w) - k(w). Calculate d(-7).
-14
Suppose -3*q = -0*q. Suppose -2*s = 3*h - 12, q*h + h = s + 4. Suppose -5*z - 13 = -h*b - 0*z, 0 = 5*b - 5*z - 15. Let f(l) = -l + 1. Give f(b).
-1
Let r(s) = s**3 - 10*s**2 + 6*s + 2. Let j(g) = -g**3 + 10*g**2 - 9*g - 2. Let z(y) = 3*j(y) + 2*r(y). Give z(8).
6
Let s(l) = l**2 + l + 1. Let x(z) = -z**2 - 3*z - 4. Suppose -5*f = -10*f + 10. Let u(o) = f*s(o) + x(o). Let p be 3 - (-4)/(-8)*0/(-1). What is u(p)?
4
Suppose 5 = -c + 11. Let d(n) = 7*n**2 - 10. Let z(f) = 3 - 19*f**2 + 26 - f**2. Let i(h) = c*z(h) + 17*d(h). Determine i(3).
-5
Let l(h) be the second derivative of -h**5/20 + 7*h**4/12 + 11*h**3/6 - 27*h**2/2 - 9*h + 3. Give l(8).
-3
Let m(i) be the second derivative of -7*i**5/20 + i**4/12 + i**3/6 - i. Suppose -2*o + 8 = 2*h, 3*h - 4*o + 3 = -20. Give m(h).
7
Suppose -5*c = 5*y + 60, 6 = 2*c - y - 3*y. Let z(g) be the third derivative of g**5/60 + g**4/3 + 7*g**3/6 - 8*g**2. Calculate z(c).
0
Let w(s) be the second derivative of s**5/20 + s**4/4 - 5*s**3/3 + 3*s**2/2 + 200*s. Determine w(2).
3
Let j(t) = 3 - 21 + 12 + 6*t + 3. Give j(4).
21
Let z(r) = -3*r - 8. Suppose -13 = 2*q + 1. Let p be -9 - (1 - q/((-21)/12)). Give z(p).
10
Let l(d) = 5 + 7*d - 6*d - 5 - 7. Determine l(-6).
-13
Suppose 3 = 2*b - 5*m, 0*m - 3 = 3*m. Let z(r) = -19*r. Let u(s) = 7*s. Let v(h) = -8*u(h) - 3*z(h). Let y(x) = 8*x - 1. Let i(j) = -2*v(j) + y(j). Give i(b).
-7
Let h(a) be the second derivative of -a**5/20 + a**3 - 3*a**2/2 + 84*a. What is h(-3)?
6
Let g(y) = y**3 - 8*y**2 + 9*y - 9. Let c be g(7). Let v = -3 + c. Let j(q) be the second derivative of -q**5/20 + q**4/6 - q**2 + 65*q. Determine j(v).
-2
Let w = 560 + -554. Let u(n) = -6*n**3 + 2*n**2 + 2. Let s(i) = 5*i**3 - 3*i**2 + i - 1. Let h(v) = 5*s(v) + 4*u(v). Determine h(w).
-3
Let v(s) = -s**3 + 6*s**2 - 5. Let n(f) = 2*f**3 + 7*f**2 - 4*f + 6. Let h be n(-4). Determine v(h).
-5
Let i(z) = -2*z**2 - 3*z**2 + z + 6*z**2 - 2. Let m(a) = 2*a**2 + 9*a - 15. Suppose 5*y - 25 = -0*y, 3*y - 3 = -2*p. Let o be m(p). Calculate i(o).
10
Let d be (-1 - 2) + (-3 - -4 - 9). Let q(v) = -2*v - 26. Let c be q(d). Let y(f) = f - 2. Give y(c).
-6
Let d(o) be the second derivative of -o**5/20 + 3*o**4/4 + 4*o**3/3 - 7*o**2 + 2*o + 256. Determine d(10).
-34
Let w = -20 + 32. Suppose w = 14*j - 11*j. Let u(k) = -k - k**3 + j*k**2 + 0*k - 182 + 185. Determine u(4).
-1
Let r(h) = h**3 - 5*h**2 - 7*h + 1. Suppose 10*u - 30 = 20. Suppose 4*n - o + 3 = 5*n, 2*n + 3 = -u*o. Give r(n).
-5
Let q(r) = 4*r + 5. Let f(v) = 1 + 5*v + 8*v + 13 + 0*v. Let c(o) = 2*f(o) - 7*q(o). Give c(-6).
5
Let n(o) = o**3 - 2*o**2. Let u(z) = z**3 + 4*z**2 - 7*z - 7. Let d be u(-5). Let f(s) = 28*s**2 + 4*s**d + s - 7*s**3 - 27*s**2. Let x be f(-1). Give n(x).
9
Let i(y) be the first derivative of 4/3*y**3 + 7 + 0*y**2 - 4*y - 1/4*y**4. Let n be (-27)/(-6) - 12/8. Give i(n).
5
Let p(c) = -c + 4. Let z be (-16)/(-72) + (-88)/(-9). Suppose -17 + 82 = 5*s. Let j = s - z. Calculate p(j).
1
Let x(h) = -2 - h**2 + 34 - 71 + 30*h - 22. Calculate x(28).
-5
Let h be ((-6)/15)/((-1)/(-5)). Let x(g) = -107*g + 210*g - 104*g. Give x(h).
2
Let l(p) = -3*p**2 + 2*p + 5. Let i(f) = f**2 - f - 2. Let o(k) = -5*i(k) - 2*l(k). Let b = 68 + -68. Give o(b).
0
Let p(t) = -23*t + 87. Let j be p(4). Let n(y) = y**3 + 3*y**2 - 5*y + 4. Give n(j).
-21
Let a(p) = -p**2 + 12*p - 8. Let s be a(10). Suppose 8*k - s*k = -8. Let h(d) = -7 + 8 - 4*d - k. Determine h(1).
-5
Let f(o) = 7*o**2 - 57*o + 113*o - 1 - 55*o - o**3. Calculate f(7).
6
Let u(n) = -3*n + 31. Let p be 105/(-9)*48/(-56). Determine u(p).
1
Let q(b) be the second derivative of b**4/12 + 5*b**3/6 + b**2 - 4*b - 3. Determine q(-4).
-2
Let z(n) = 3 + 319*n - 10 + 315*n - 633*n. Suppose -2*w + 22 - 2 = 0. Determine z(w).
3
Let d(p) = p**2 - 6*p. Let q(k) = k**2 + 6*k - 10. Suppose 5*g + 2*i = 12, 2*i - i = 3*g - 5. Suppose -g*o - 7 = 9. Let s be q(o). What is d(s)?
0
Suppose -2*o + 9 = 3*r - 11, r + 5*o = -2. Let d(b) = -b**2 + 5*b + 10. Calculate d(r).
-14
Let g(i) be the first derivative of -i**4/4 - 2*i**3/3 - 18. Suppose -31*h = -36*h - 10. Determine g(h).
0
Suppose -2007*j = -2005*j + 24. Let q(t) = -t**3 - 12*t**2 + 9. Determine q(j).
9
Let y be (-2)/(-1) - 13/(-13). Let p(t) be the third derivative of 0 - 1/12*t**4 - 1/6*t**y + 1/4*t**5 + 0*t - 3*t**2. Calculate p(-1).
16
Suppose 0 = 5*o + 5*a - 0*a - 30, o = -4*a + 12. Let l(j) = 0*j + 5 + 7*j - o. Calculate l(2).
15
Let d(u) = -u**2 + 7*u - 8. Let m = 66 + -63. Determine d(m).
4
Let t(g) = 4*g**3 - 2*g**2 - g + 1. Suppose 3*k + 4*r - 58 = -44, 4*k = -r + 10. What is t(k)?
23
Suppose -116 = 2*o - 94. Let n(h) = h**2 + 12*h - 16. What